11 + -1010110?
-111100001
In base 15, what is -40a - 10c?
-517
In base 10, what is 87 + -1?
86
In base 7, what is 12 - -1040524?
1040536
In base 8, what is -64200 + -7?
-64207
In base 7, what is -224023 - 15?
-224041
In base 2, what is 1100 - 1111010100100?
-1111010011000
In base 13, what is 56 - -2436?
248c
In base 2, what is -1011 + -100110100011111100?
-100110100100000111
In base 9, what is -5240 + -325?
-5565
In base 11, what is -678 - 5802?
-637a
In base 6, what is 1313134 + 3?
1313141
In base 2, what is 10010100100000111 - 11?
10010100100000100
In base 11, what is -1 - -1498?
1497
In base 7, what is -25346 + -110?
-25456
In base 3, what is 11012121 - -10?
11012201
In base 14, what is -682cc + 5?
-682c7
In base 6, what is -24 + -35240?
-35304
In base 6, what is 5 + -533133?
-533124
In base 8, what is -7451 - -416?
-7033
In base 14, what is b345 - -2?
b347
In base 15, what is 13d - -1b?
159
In base 2, what is 100 - 11101000110111100?
-11101000110111000
In base 5, what is 4143 - -230440?
240133
In base 9, what is 43 - 360?
-316
In base 4, what is 1 + 112321013?
112321020
In base 16, what is -8f + 3e8?
359
In base 5, what is 31 + 122103?
122134
In base 4, what is -2 + 32010?
32002
In base 7, what is 4 - 10061?
-10054
In base 12, what is 3 + 1a311?
1a314
In base 6, what is -10015 + 111?
-5504
In base 9, what is 2 + -440486?
-440484
In base 3, what is 2100110 + 2102?
2102212
In base 12, what is 183b403 + 3?
183b406
In base 7, what is -24162 - 131?
-24323
In base 14, what is d123d + 3?
d1242
In base 6, what is -203340 + 5?
-203331
In base 14, what is -4d190 - 2?
-4d192
In base 10, what is -458075 + -5?
-458080
In base 4, what is 0 + -12022211?
-12022211
In base 11, what is a + 7a23?
7a32
In base 12, what is 443b + 8?
4447
In base 7, what is -13653 - -5?
-13645
In base 3, what is -21211122 + -201122?
-22120021
In base 9, what is 1382 + 2236?
3628
In base 7, what is 2 - 121041?
-121036
In base 14, what is 4d576 + -3?
4d573
In base 14, what is -16db61 + 0?
-16db61
In base 8, what is -5 - 600143?
-600150
In base 11, what is -17878 - 7?
-17884
In base 2, what is 10 - 100111011001111010?
-100111011001111000
In base 14, what is 6 - -1025b?
10263
In base 6, what is -410443 + 2?
-410441
In base 13, what is -6b8 - 5?
-6c0
In base 8, what is 357347 + -4?
357343
In base 4, what is 112300 - 1102?
111132
In base 5, what is -2044040 - 104?
-2044144
In base 5, what is -33032 + 114?
-32413
In base 9, what is 25554 - -1?
25555
In base 9, what is 4803 - 25?
4767
In base 8, what is -726674 + -4?
-726700
In base 4, what is 221120210 - 100?
221120110
In base 3, what is 102 - -102011?
102120
In base 16, what is 570 - 2a?
546
In base 8, what is 11 - -160244?
160255
In base 7, what is 600631 + 3?
600634
In base 3, what is -1020120200221 + 0?
-1020120200221
In base 4, what is -202101331 + 11?
-202101320
In base 11, what is a0764 + 8?
a0771
In base 15, what is c90b5a - 5?
c90b55
In base 2, what is -100000010100101101 + -111?
-100000010100110100
In base 15, what is a2 + 6da?
78c
In base 3, what is 11211021 + -11?
11211010
In base 12, what is -3 + 4996?
4993
In base 12, what is -86a3 + 3?
-86a0
In base 16, what is 8 + -3bc1?
-3bb9
In base 10, what is -424 - 362?
-786
In base 14, what is -1 - ca2?
-ca3
In base 10, what is -210 + -30?
-240
In base 7, what is -26636 + 10?
-26626
In base 12, what is 657 - 1b2?
465
In base 13, what is 18 + 613?
62b
In base 3, what is -1 - -100220120?
100220112
In base 8, what is 357 - 2?
355
In base 9, what is -3 + -111212?
-111215
In base 8, what is -45 + 135503?
135436
In base 8, what is 44 - 15724?
-15660
In base 9, what is -7 - 57873?
-57881
In base 16, what is 1ed - e?
1df
In base 8, what is -17 + 13?
-4
In base 15, what is -9 + -2489?
-2493
In base 13, what is -4 - -125b10?
125b09
In base 9, what is -527 + -1217?
-1745
In base 8, what is -40 + -502?
-542
In base 9, what is 28813 - -333?
30246
In base 2, what is -10000011010011110 + 101?
-10000011010011001
In base 12, what is -112255 + 4?
-112251
In base 10, what is -40841 - 1?
-40842
In base 15, what is -1 - 7ab0?
-7ab1
In base 13, what is -5 - 580b?
-5813
In base 14, what is -1369 + 0?
-1369
In base 9, what is -55 - 40627?
-40683
In base 10, what is 2148240 - -4?
2148244
In base 13, what is -140 + -147?
-287
In base 2, what is -10 + -10010110111000?
-10010110111010
In base 10, what is 109402 - 2?
109400
In base 7, what is -166 + -12640?
-13136
In base 15, what is -12db3 - -1?
-12db2
In base 5, what is 312132300 - 4?
312132241
In base 13, what is 975 - -9?
981
In base 8, what is -221 + -324?
-545
In base 6, what is -10141 - -11?
-10130
In base 9, what is -1 + -160032?
-160033
In base 14, what is -6 - 8a15?
-8a1b
In base 11, what is 1 - 62a04?
-62a03
In base 4, what is -311 + 20033?
13122
In base 10, what is 40 + 536?
576
In base 11, what is 107500 + -6?
1074a5
In base 11, what is 2a927 - 3?
2a924
In base 9, what is -57832 - -18?
-57813
In base 7, what is -112216 - -5?
-112211
In base 4, what is 13221 + -13003?
212
In base 15, what is -963 + 1c9?
-789
In base 5, what is 14142244 - -10?
14142304
In base 4, what is 2122 - -21203?
23331
In base 10, what is -4143 - 253?
-4396
In base 10, what is 1200769 - -1?
1200770
In base 12, what is 7 + 46848?
46853
In base 11, what is -1237a4 + 1?
-1237a3
In base 3, what is -22112211 - -11020?
-22101121
In base 3, what is 220 + -12000110?
-11222120
In base 7, what is -2 + -1453?
-1455
In base 7, what is -63 + -5422?
-5515
In base 14, what is 9 - 168?
-15d
In base 11, what is 370 + 17?
387
In base 12, what is -2 + 12028?
12026
In base 9, what is -126742 - -3?
-126738
In base 2, what is 101010011110011 + 100000111?
101010111111010
In base 9, what is -128 + -2140?
-2268
In base 6, what is -233 - -110003?
105330
In base 5, what is 432211 - 121?
432040
In base 16, what is 13e + -d06?
-bc8
In base 5, what is 2123221 - -20?
2123241
In base 2, what is -1101110001101100 - -1?
-1101110001101011
In base 5, what is -204102001 - 4?
-204102010
In base 2, what is 111010101 - 1001000011?
-1101110
In base 14, what is 4 + -4a92?
-4a8c
In base 11, what is 447a9 - -22?
44820
In base 15, what is 2e - -85?
b4
In base 10, what is 2 - -167993?
167995
In base 9, what is 0 - -101?
101
In base 16, what is 15f - -2f?
18e
In base 16, what is 2e + 47?
75
In base 13, what is 11119 + 2?
1111b
In base 15, what is 2da + 41d?
708
In base 11, what is 2027 + -21?
2006
In base 6, what is -124 - 520?
-1044
In base 3, what is -201 - 100121110?
-100122011
In base 11, what is 1a2 + 1055?
1247
In base 15, what is -66320 + -2?
-66322
In base 6, what is -542 + -105?
-1051
In base 15, what is -8 + 8aee?
8ae6
In base 13, what is -25697 - -3?
-25694
In base 7, what is -230046 + 3?
-230043
In base 7, what is -2556 + -50?
-2636
In base 7, what is -11 + 24033?
24022
In base 2, what is -10 - -10100101000110001111?
10100101000110001101
In base 12, what is ab7a3 - 4?
ab79b
In base 7, what is 143 + -3?
140
In base 14, what is -40 + 51?
11
In base 16, what is -269 - 1c?
-285
In base 4, what is -1032 + -1130132?
-1131230
In base 6, what is -11422 - 3235?
-15101
In base 14, what is 2 + -5804a?
-58048
In base 4, what is -11322 + 13?
-11303
In base 8, what is 1130 - 3161?
-2031
In base 2, what is -100011111100111110 + 11?
-100011111100111011
In base 4, what is 3030333 - 11?
3030322
In base 14, what is -7 + 166dc?
166d5
In base 3, what is -11222101002 - -11?
-11222100221
In base 6, what is -2 + 11444505?
11444503
In base 13, what is -53 - -72c?
6a9
In base 5, what is -10 - 1111430?
-1111440
In base 3, what is 11102200210 - 10?
11102200200
In base 14, what is -4b + aa1?
a54
In base 7, what is -4 + -61356?
-61363
In base 9, what is -30 + 40226?
40186
In base 6, what is 1054313 + -2?
1054311
In base 2, what is -1001100 + -1010100111?
-1011110011
In base 11, what is -62 - -4120?
4069
In base 14, what is -13 - 17488?
-1749b
In base 7, what is -15522 + -3?
-15525
In base 3, what is 21022011 - -202?
21022220
In base 5, what is 42104 - 4202?
32402
In base 2, what is -111 + -100110110011010?
-100110110100001
In base 10, what is -366 - 335?
-701
In base 14, what is 8b3a + 8?
8b44
In base 13, what is -2 + -17a0?
-17a2
In base 10, what is -4825 - 0?
-4825
In base 8, what is 5210 + -2606?
2402
In base 10, what is 19516 + 4